2*j - 26*j - o = 0. Determine p(j).
4
Let q(f) = -3674*f + 3680*f - 4*f**2 + 5*f**2. Let g(y) = y + 2. Let b be g(6). Let w be (-2)/b - (-46)/(-8). Give q(w).
0
Suppose -2*m + 3 = -3. Let t(a) = 2 - 37*a**2 - 2*a + 36*a**2 - 5*a + m. What is t(-7)?
5
Let q(a) = -2*a**3 + 7*a**2 - 2*a + 2. Let b(d) = 4*d**3 - 78*d**2 - 39*d - 17. Let x be b(20). What is q(x)?
5
Let t(o) = 2*o**3 + 2*o**2 - 2*o - 2. Suppose -43*l + 67 = -19. Calculate t(l).
18
Suppose 3*d - 15*y = -11*y + 25, 12 = 2*d - 5*y. Let m(n) = n**2 - 14*n + 25. What is m(d)?
-8
Let s(f) = -6*f + 3. Let b(r) = -3*r + 1. Let u = -73 + 63. Let l be (u*4/8)/(-1). Let c(v) = l*b(v) - 2*s(v). Calculate c(3).
-10
Let g(d) = 4*d**2 + d + 1. Let z be (-4)/(-6) - 7*(-24)/18. Let k(j) = 11*j - 112. Let x be k(z). Calculate g(x).
15
Let g(w) = -w**2 + 10*w + 5. Suppose 8*j - 564 = 4676. Let v = -646 + j. Determine g(v).
14
Suppose 92*r = -238 - 590. Let v(k) = k**3 + 11*k**2 + 20*k + 15. Calculate v(r).
-3
Let u(m) = 17*m**2 + 30*m + 30. Let a(y) = 2*y. Let k(q) = -2*a(q) - u(q). Let j(c) = -5*c**2 - 11*c - 10. Let z(s) = -7*j(s) + 2*k(s). What is z(-8)?
2
Suppose 377 = -41*g + 90. Let q(x) = x**2 - x + 6. Calculate q(g).
62
Let y(t) = 65*t - 10. Let o(h) = -176*h + 30. Let p(l) = 3*o(l) + 8*y(l). What is p(2)?
-6
Let c(f) be the second derivative of -f**5/20 - 7*f**4/12 - 2*f**3/3 + f**2/2 + 958*f. Give c(-5).
-29
Let t(j) = -7*j**2 - 10*j - 4. Let b(s) = 9*s**2 + 9*s + 5. Suppose 1 = -3*z + 4*r - 9*r, 0 = -z + 4*r + 11. Let q(f) = z*b(f) + 4*t(f). Calculate q(-13).
-1
Let c = -10511 + 10503. Let i(b) = -5*b**2 - 40*b + 15. Determine i(c).
15
Let t(s) = 2*s - 2. Let y be t(14). Let x(o) = o**3 - 26*o**2 + 2*o - 30. Let w be x(y). Let z = w - 16. Let p(d) = -d**2 + 8*d + 3. Give p(z).
15
Suppose 10 = 32*i - 36*i + 2*n, -20 = 4*i - 4*n. Let q(j) be the third derivative of 14*j**2 + i*j + 0 - 2/3*j**3 + 1/24*j**4. Give q(-7).
-11
Let m(n) = -3*n**3 + n**2 - 2*n - 4. Suppose -54 - 16 = 14*b + 56*b. Determine m(b).
2
Let d be (1 - 6/1)/1. Suppose 3*c + 6 = u - 4, -5*c = -3*u + 14. Let t be u/((d + 3)*1). Let j(o) = 4*o**3 + o**2 - 1. Calculate j(t).
4
Suppose 2*v + 5 = -3*v. Let t = v - -4. Let j(c) = 166 - 131 - 37 + c. Determine j(t).
1
Suppose -2*x - 14*u - 50 = -54, 3*x - 6 = 3*u. Let a(b) = 25*b**2 + 9*b - 14. What is a(x)?
104
Let d = -26 - -138. Let p be (-128)/d*14/(-4). Let v(b) = p - 3*b**2 - 5 + 2*b**2 + 3*b + b. What is v(3)?
2
Let w(z) = z**3 - z**2 + 2*z - 96. Let o be w(0). Let c = -90 - o. Let j(b) = -b**2 + 4*b + 6. What is j(c)?
-6
Let s(t) = 2*t - 18. Let h be (-3 - -4)*(-4 + -4 + 3). Let l(f) = f**3 + 7*f**2 + 5*f - 12. Let v be l(h). What is s(v)?
8
Let h be 48/28*42/4. Suppose -2 - h = -4*o, -w - 2*o + 11 = 0. Let p(d) be the third derivative of -11*d**4/24 - d**3/6 + 538*d**2 - d. What is p(w)?
-12
Let g(p) = -28*p**2 + 99*p + 39. Let t be g(4). Let d(i) = -17*i - 224. What is d(t)?
-3
Let n(k) = 4*k + 7. Let b be n(-4). Let i(q) = 2*q**2 - 2*q. Let f be i(2). Let j(v) = -v + 13 - f - 24. What is j(b)?
-6
Let j(x) = 5*x**2 + 6*x - 9. Let d(t) = -6*t**2 - 6*t + 10. Let k(l) = -6*d(l) - 7*j(l). Suppose 47*z - 14 = 40*z. Give k(z).
-5
Let z = -412 + 416. Let x(y) = -11*y**2 - 7 - 7 - 366*y - 5*y**3 + 354*y + z*y**3. What is x(-10)?
6
Suppose 6*y = -i + 2*y + 26, -5*i + 4*y + 202 = 0. Suppose b - 2*v = 26, -6*v + 10*v = -5*b + 172. Let r(u) = 18*u - u**2 - i + b - 9*u. Determine r(7).
8
Let j(v) = 103*v - 11. Let a(s) = -1068*s + 108. Let b(x) = 2*a(x) + 21*j(x). What is b(1)?
12
Let p be (-416)/(-156) + (-4)/6. Let n(l) = 448 - 227 - 223 - p*l**2 + 3*l. Let m(t) = 5*t**3 - 2*t**2 + t. Let v be m(1). What is n(v)?
-22
Let y = 128 - 137. Let q be -3*(-1 + ((-30)/y - 3)). Let b(k) = -k**2 - 4*k + 4. Let w(r) = r**2 + 3*r - 3. Let j(z) = -6*b(z) - 7*w(z). What is j(q)?
-1
Let d = -890 + 875. Let p(n) = -2*n - 13. Determine p(d).
17
Suppose 43 = -2*z + 5*o, 0 = 12*z - 8*z - 5*o + 61. Let b(p) be the second derivative of p**3/3 + 11*p**2/2 + 6*p + 3. Give b(z).
-7
Let i be ((-600)/4)/(-3)*(-4)/(-8). Suppose -4*p + 37 = i. Let k(o) = 13 - 10*o + 0*o + 2*o - 11. Give k(p).
-22
Let j(k) = -k**2 + 8*k - 4. Let c be (-21)/(-14)*(13 + -11). What is j(c)?
11
Let v(m) = 28*m**3 - m**2. Suppose l + 5*c - 21 = 0, 23*c + 8 = -4*l + 26*c. Determine v(l).
27
Let g be 7 - (-304)/(-40) - 532/(-70). Suppose -5*q - 5 = -155. Suppose -2*y - q = -g*y. Let v(a) = -a + 12. What is v(y)?
6
Let h(v) be the first derivative of 4*v**3/3 - 37*v**2/2 + 29*v + 287. Calculate h(8).
-11
Let j be (-6 + -2)*(16/4)/(-8). Suppose -21 = -3*i + 3*a, -5*i = -2*i - j*a - 25. Let q(o) = o - 14*o**2 + o - o**i - 2 + 16*o**2. Give q(2).
2
Let s be 2*(-12)/40 + 78/30. Let g(w) = -4909 + s*w - 4*w + 4906. Determine g(-5).
7
Let l(w) = -w**2 - 3*w + 1. Let u(y) = 5*y - 40*y**2 - 47*y**2 + 86*y**2 - 6*y. Let c(t) = l(t) - 2*u(t). What is c(2)?
3
Suppose 90*c - 88*c = i - 8, 3*i + 4*c - 44 = 0. Let a(g) = 4*g - 42. Determine a(i).
6
Let v(i) = i**2 - 11*i - 11. Suppose -58*x + 792 + 716 = 0. Suppose -x = -33*o + 31*o. Give v(o).
15
Let j = -14 - -7. Let r = j + 2. Let o(c) = -7*c**3 - c**2 + 2*c - 2. Let f(y) = 5*y**3 + 2*y**2 - 3*y + 1. Let p(g) = -3*f(g) - 2*o(g). What is p(r)?
1
Let w(u) = 16*u**2 - 2*u + 10. Let f(d) = -14*d**2 + d - 9. Let y(o) = 7*f(o) + 6*w(o). Determine y(5).
-78
Let s(h) = 2556 - h**2 - 10231 + 2557 + 2557 + 2565 - 5*h. Suppose 0 = 2*z, -4*z = 3*j - 2*z. Suppose -2*i - 10 = -j. Calculate s(i).
4
Let t(y) be the first derivative of y**2/2 + 8*y + 1. Suppose 162*u - 261 = 2*o + 191*u, 4*u = -o - 36. Give t(o).
8
Let p(t) = -41*t**2 + 3105*t + 9. Let j(n) = 19*n**2 - 1434*n - 4. Let y(a) = 13*j(a) + 6*p(a). Suppose 2*d - 4*s - 16 + 4 = 0, 4*s - 4 = 0. Determine y(d).
-30
Let z(d) = d**3 - 7*d**2 + 6*d + 5. Suppose -593 = 14*j - 537. Let p(y) be the second derivative of y**3/6 + 5*y**2 - 2*y. Let r be p(j). What is z(r)?
5
Let w(f) = -9*f - 257*f**3 - 254*f**3 - 3*f**2 + 512*f**3 - 7. Let o be w(-1). Let i(t) = 3*t**3 - 4*t**2 - 3*t. Determine i(o).
-34
Let u(v) = -7*v**2 + 22*v**3 + 2010 - 2007 - 43*v**3 + 22*v**3 + 7*v. What is u(5)?
-12
Let o(m) = 44*m - 36. Let v(h) = 129*h - 100. Let r(w) = -11*o(w) + 4*v(w). Determine r(-2).
-68
Let c(d) be the third derivative of -d**5/30 - d**4/12 + 4*d**3/3 - 3820*d**2. Determine c(3).
-16
Let m(x) be the second derivative of 13*x**4/6 - x**3/2 + x**2/2 + 263*x - 4. What is m(1)?
24
Let f(o) be the third derivative of -o**4/6 + 2*o**3/3 + 2*o**2. Let q(m) = 2*m**3 - 165*m**2 - 252*m + 5. Let g be q(84). What is f(g)?
-16
Let g be (-3 - -4*1)*(3 - 0). Let b(q) = 8*q**2 - 4 + 22*q**3 - 3*q**2 - 8*q**g - 15*q**3. Suppose -9*p + 20*p = 44. Determine b(p).
12
Suppose -45 = -3*d - 4*b, 170*d - 173*d - 2*b + 27 = 0. Let h(l) be the third derivative of 0*l + 5/2*l**d - 1/8*l**4 + 0 + 24*l**2. Calculate h(6).
-3
Suppose 4*k + 160 = 140. Let d be (11 + -5 + k)*1*3. Let h(m) = -3*m**2 + 3*m - 2. What is h(d)?
-20
Let y(l) = l**2 + 26*l + 98. Let b be y(-22). Let a(i) = 2*i - b + 13*i - 16*i. Determine a(-6).
-4
Let d(k) be the third derivative of -7*k**4/4 + 27*k**3/2 - 2437*k**2. Calculate d(2).
-3
Let d(m) = -3*m**2 + 98*m - 77. Let f be d(32). Let x(s) = -4*s - 41. Calculate x(f).
11
Let j(l) = l**2 + 0 - 1 + 2*l + 0 + 2 + 7. Let y(o) = -2*o. Let b(p) = -j(p) - 5*y(p). Determine b(4).
8
Let h(y) = 7 - 36 + 8 + 4*y - 28 + 2*y. What is h(5)?
-19
Let k(x) = -x**3 + 7*x**2 - 6*x + 1. Let s(u) = -2*u**2 - u + 7. Let t be s(2). Let f(p) = p**3 + 5*p**2 - 2*p - 18. Let r be f(t). Determine k(r).
1
Let h(s) be the first derivative of -s**2/2 + 9*s - 6330. Let z be (-34)/(-8) + 2/(-8). Give h(z).
5
Let d(s) = -45*s - 8 - 36*s + 76*s. What is d(-1)?
-3
Suppose 2*z - 19 = 5. Suppose 0 = 19*d - 7*d - z. Let i(a) = -14*a**3 + a**2 + a - 1. What is i(d)?
-13
Let r = -382 + 377. Let u(p) = p + 7. Let a be u(r). Let k(h) = 6*h**3 - h**2 + 9*h - 6. Let v(w) = 3*w**3 + 5*w - 3. Let y(g) = 3*k(g) - 5*v(g). What is y(a)?
13
Let i(o) = -o**3 - 4*o**2 + 1. Let b be 7/(378/(-225)) - (-3)/18. What is i(b)?
1
Let y = 412 + -397. Let z(h) = 7*h - 113. Determine z(y).
-8
Let j(k) be the second derivative of 2*k**3/3 - k**2/2 - 2*k + 263. Calculate j(16).
63
Let j(o) = 3*o - 6. Let a(s) = -116 + 10*s